{"id":935,"date":"2016-03-30T13:45:28","date_gmt":"2016-03-30T13:45:28","guid":{"rendered":"http:\/\/www.glasmalerei-derix.de\/?page_id=935"},"modified":"2018-11-09T10:51:06","modified_gmt":"2018-11-09T10:51:06","slug":"referenzen-privathaeuser","status":"publish","type":"page","link":"https:\/\/old.glasmalerei-derix.de\/?page_id=935","title":{"rendered":"Privath\u00e4user"},"content":{"rendered":"<blockquote><p>Schmuck und Funktion in einem \u2013 der Einsatz von Glasmalerei in Privath\u00e4usern ist vielf\u00e4ltig<\/p><\/blockquote>\n<p>Glasmalereien im privaten Umfeld kannte bereits das 15. Jahrhundert mit kleinen Kabinettscheiben, die Geschichten aus der Bibel, der Mythologie oder anderen Quellen erz\u00e4hlten. Bis zum heutigen Tag gibt es vielf\u00e4ltige M\u00f6glichkeiten, Firmen- oder Privatr\u00e4umen einen ganz individuellen Charme mit Glasmalereien zu verleihen. Von der farbigen Fensterwand, wie in der Kantine der Deutschen Post von Hella De Santarossa, \u00fcber Glast\u00fcren bis zum gl\u00e4sernen Bildschmuck gibt es hier zahlreiche M\u00f6glichkeiten, auch f\u00fcr ganz individuelle Gestaltungen. Dem kreativen Einsatz von Glasmalerei im privaten Umfeld sind kaum Grenzen gesetzt. <a href=\"https:\/\/old.glasmalerei-derix.de\/?page_id=29\">Wir beraten Sie gerne!<\/a><\/p>\n","protected":false},"excerpt":{"rendered":"<p>Schmuck und Funktion in einem \u2013 der Einsatz von Glasmalerei in Privath\u00e4usern ist vielf\u00e4ltig Glasmalereien im privaten Umfeld kannte bereits das 15. Jahrhundert mit kleinen Kabinettscheiben, die Geschichten aus der Bibel, der Mythologie oder anderen Quellen erz\u00e4hlten. Bis zum heutigen Tag gibt es vielf\u00e4ltige M\u00f6glichkeiten, Firmen- oder Privatr\u00e4umen einen ganz individuellen Charme mit Glasmalereien zu verleihen. Von der farbigen Fensterwand, wie in der Kantine der Deutschen Post von Hella De Santarossa, \u00fcber Glast\u00fcren bis zum gl\u00e4sernen Bildschmuck gibt es hier zahlreiche M\u00f6glichkeiten, auch f\u00fcr ganz individuelle Gestaltungen. Dem kreativen Einsatz von Glasmalerei im privaten Umfeld sind kaum Grenzen gesetzt. Wir beraten Sie gerne!<\/p>\n","protected":false},"author":2,"featured_media":0,"parent":0,"menu_order":0,"comment_status":"closed","ping_status":"open","template":"template-portfolio.php","meta":{"footnotes":""},"class_list":["post-935","page","type-page","status-publish","hentry"],"_links":{"self":[{"href":"https:\/\/old.glasmalerei-derix.de\/index.php?rest_route=\/wp\/v2\/pages\/935","targetHints":{"allow":["GET"]}}],"collection":[{"href":"https:\/\/old.glasmalerei-derix.de\/index.php?rest_route=\/wp\/v2\/pages"}],"about":[{"href":"https:\/\/old.glasmalerei-derix.de\/index.php?rest_route=\/wp\/v2\/types\/page"}],"author":[{"embeddable":true,"href":"https:\/\/old.glasmalerei-derix.de\/index.php?rest_route=\/wp\/v2\/users\/2"}],"replies":[{"embeddable":true,"href":"https:\/\/old.glasmalerei-derix.de\/index.php?rest_route=%2Fwp%2Fv2%2Fcomments&post=935"}],"version-history":[{"count":12,"href":"https:\/\/old.glasmalerei-derix.de\/index.php?rest_route=\/wp\/v2\/pages\/935\/revisions"}],"predecessor-version":[{"id":1188,"href":"https:\/\/old.glasmalerei-derix.de\/index.php?rest_route=\/wp\/v2\/pages\/935\/revisions\/1188"}],"wp:attachment":[{"href":"https:\/\/old.glasmalerei-derix.de\/index.php?rest_route=%2Fwp%2Fv2%2Fmedia&parent=935"}],"curies":[{"name":"wp","href":"https:\/\/api.w.org\/{rel}","templated":true}]}}